e greatest common divisor of 592 and 222?
74
What is the highest common divisor of 1470 and 42?
42
What is the highest common factor of 10 and 160?
10
What is the greatest common divisor of 1144 and 1672?
88
What is the greatest common factor of 1387 and 584?
73
What is the highest common divisor of 110 and 4820?
10
Calculate the greatest common divisor of 414 and 4600.
46
What is the greatest common divisor of 119 and 2431?
17
What is the highest common divisor of 12 and 114?
6
What is the greatest common factor of 5134 and 102?
34
Calculate the highest common factor of 7 and 511.
7
What is the greatest common factor of 2 and 98?
2
What is the greatest common divisor of 3200 and 1160?
40
What is the highest common divisor of 1328 and 72?
8
Calculate the highest common factor of 550 and 460.
10
Calculate the greatest common divisor of 49 and 2401.
49
Calculate the greatest common divisor of 1015 and 435.
145
What is the highest common factor of 216 and 81?
27
What is the highest common divisor of 126 and 14?
14
What is the greatest common divisor of 80 and 300?
20
What is the greatest common divisor of 51 and 51?
51
Calculate the highest common divisor of 369 and 6.
3
What is the greatest common divisor of 75 and 1?
1
Calculate the highest common factor of 131 and 29737.
131
What is the greatest common factor of 296 and 370?
74
What is the highest common divisor of 2648 and 16?
8
What is the highest common factor of 232 and 6844?
116
What is the highest common factor of 680 and 200?
40
Calculate the greatest common divisor of 57 and 285.
57
What is the greatest common divisor of 126 and 63?
63
What is the greatest common factor of 51 and 34?
17
Calculate the greatest common divisor of 4636 and 152.
76
Calculate the greatest common divisor of 3762 and 22.
22
Calculate the greatest common divisor of 671 and 549.
61
Calculate the highest common divisor of 25 and 425.
25
What is the greatest common factor of 27 and 297?
27
Calculate the highest common factor of 116 and 228.
4
Calculate the greatest common divisor of 648 and 48.
24
What is the highest common factor of 4319 and 7?
7
Calculate the highest common factor of 276 and 120.
12
What is the highest common factor of 14 and 35?
7
What is the highest common factor of 238 and 1344?
14
What is the highest common divisor of 105 and 21?
21
What is the greatest common factor of 234 and 754?
26
What is the greatest common factor of 125 and 100?
25
What is the highest common factor of 14 and 62?
2
What is the greatest common divisor of 7 and 28?
7
Calculate the greatest common divisor of 333 and 444.
111
What is the greatest common factor of 56 and 114912?
56
What is the highest common factor of 171 and 24?
3
Calculate the greatest common factor of 42 and 315.
21
Calculate the highest common divisor of 984 and 3075.
123
Calculate the greatest common factor of 18 and 54.
18
Calculate the highest common divisor of 2457 and 91.
91
What is the greatest common divisor of 837 and 540?
27
What is the greatest common divisor of 58 and 1856?
58
Calculate the greatest common divisor of 4009 and 1477.
211
What is the highest common factor of 101 and 1?
1
Calculate the highest common divisor of 116 and 32.
4
What is the highest common divisor of 28 and 2252?
4
Calculate the greatest common factor of 9867 and 2530.
253
Calculate the greatest common divisor of 685 and 2.
1
Calculate the greatest common factor of 132 and 48.
12
What is the greatest common divisor of 93 and 620?
31
What is the highest common factor of 11616 and 864?
96
What is the greatest common divisor of 18 and 288?
18
What is the greatest common factor of 1363 and 58?
29
What is the greatest common factor of 350 and 14?
14
Calculate the greatest common factor of 4 and 146.
2
What is the highest common factor of 20678 and 196?
98
Calculate the greatest common factor of 204 and 89862.
102
What is the greatest common divisor of 160 and 4?
4
Calculate the highest common divisor of 105 and 84.
21
What is the highest common factor of 3105 and 322?
23
What is the greatest common factor of 63 and 5184?
9
Calculate the highest common divisor of 10910 and 10.
10
Calculate the greatest common divisor of 2596 and 22.
22
What is the highest common factor of 22002 and 38?
38
What is the greatest common factor of 7096 and 24?
8
Calculate the greatest common factor of 3048 and 9525.
381
What is the highest common factor of 268 and 4?
4
Calculate the greatest common factor of 2172 and 12.
12
Calculate the highest common divisor of 6 and 2598.
6
What is the highest common divisor of 5 and 505?
5
Calculate the highest common divisor of 4 and 284.
4
What is the greatest common divisor of 3295 and 5?
5
What is the greatest common divisor of 1943 and 29?
29
What is the greatest common factor of 70 and 665?
35
Calculate the highest common factor of 36 and 342.
18
What is the highest common factor of 272 and 1680?
16
What is the greatest common factor of 6923 and 43?
43
What is the highest common divisor of 468 and 13?
13
Calculate the highest common factor of 2904 and 1584.
264
Calculate the greatest common divisor of 224 and 7.
7
What is the greatest common divisor of 130 and 6270?
10
Calculate the highest common divisor of 10 and 1210.
10
What is the highest common factor of 63 and 81?
9
Calculate the greatest common divisor of 156 and 65.
13
What is the greatest common divisor of 1183 and 35?
7
Calculate the greatest common divisor of 2455 and 15.
5
Calculate the greatest common factor of 452 and 1243.
113
Calculate the greatest common divisor of 2926 and 931.
133
Calculate the greatest common factor of 45 and 20.
5
Calculate the greatest common divisor of 1 and 17.
1
What is the greatest common divisor of 630 and 42?
42
What is the greatest common divisor of 72 and 6456?
24
What is the highest common divisor of 1083 and 57?
57
What is the greatest common factor of 30 and 1290?
30
What is the greatest common factor of 21 and 119?
7
What is the highest common divisor of 376 and 24?
8
Calculate the highest common divisor of 53 and 8851.
53
What is the highest common factor of 893 and 114?
19
Calculate the greatest common factor of 456 and 570.
114
Calculate the greatest common factor of 30 and 6315.
15
Calculate the highest common divisor of 120 and 1280.
40
What is the highest common divisor of 436 and 26814?
218
What is the greatest common divisor of 77 and 22?
11
Calculate the highest common divisor of 304 and 2261.
19
Calculate the highest common divisor of 18 and 9.
9
Calculate the highest common divisor of 36 and 396.
36
Calculate the greatest common factor of 533 and 1.
1
Calculate the greatest common divisor of 1485 and 1155.
165
What is the highest common factor of 9 and 4167?
9
What is the highest common divisor of 3809 and 13?
13
Calculate the greatest common divisor of 2535 and 78.
39
What is the greatest common factor of 114 and 5643?
57
What is the highest common divisor of 58 and 406?
58
What is the greatest common factor of 1110 and 1887?
111
What is the highest common factor of 343 and 784?
49
Calculate the greatest common divisor of 118 and 413.
59
What is the highest common divisor of 300 and 624?
12
What is the greatest common factor of 72 and 8?
8
What is the greatest common factor of 525 and 10080?
105
Calculate the highest common factor of 6 and 7020.
6
What is the highest common factor of 442 and 104?
26
What is the greatest common factor of 98 and 1162?
14
Calculate the greatest common divisor of 2109 and 228.
57
Calculate the greatest common factor of 33 and 11.
11
Calculate the highest common divisor of 369 and 615.
123
What is the highest common divisor of 553 and 63?
7
Calculate the highest common factor of 1302 and 84.
42
What is the greatest common divisor of 588 and 1274?
98
Calculate the highest common factor of 19820 and 10.
10
What is the greatest common divisor of 74 and 74?
74
What is the highest common divisor of 18 and 126?
18
Calculate the highest common divisor of 455 and 35.
35
What is the highest common divisor of 567 and 81?
81
What is the greatest common divisor of 4323 and 524?
131
Calculate the highest common factor of 749 and 28.
7
Calculate the greatest common divisor of 793 and 122.
61
What is the greatest common 